actors of w/14 - 4076/(-7)?
2, 3, 97
Let m(n) = 6*n - 31. Let j(c) be the second derivative of 13*c**3/6 - 61*c**2/2 - 5*c. Let b(l) = 3*j(l) - 5*m(l). List the prime factors of b(10).
2, 31
Let o(u) = -u**2 - 54*u - 211. What are the prime factors of o(-46)?
157
Suppose 0 = v + 4*j - 1, 0 = -3*v - 39*j + 35*j + 35. Let h = -1 - -3. Suppose v = h*t - 57. What are the prime factors of t?
37
List the prime factors of (-36)/(-30) - 521488/(-110).
2, 2371
Suppose 0 = -c - 35 + 96. Suppose -5*w = 171 + 54. Let g = w + c. What are the prime factors of g?
2
Suppose 27654 - 48512 = -2*y. What are the prime factors of y?
10429
Let w = -86 + 87. Suppose w = s - 5*c - 310, -3*c - 657 = -2*s. What are the prime factors of s?
2, 3, 7
Suppose -836921 = 230*q - 11958341. What are the prime factors of q?
2, 3, 8059
Suppose -63*n = -39*n - 480. List the prime factors of (n/14)/5 - (-2577)/21.
3, 41
Let g(y) = -3*y**2 + 22*y + 42. Let s be g(9). Let w(h) = 15*h**2 - 3*h - 9. What are the prime factors of w(s)?
3, 5
What are the prime factors of (-156*168/(-30))/((-4)/(-70))?
2, 3, 7, 13
Let m = -6075 + 13381. List the prime factors of m.
2, 13, 281
Suppose 9*a - 225 = 6*a. Suppose -a*h = -77*h + 16. List the prime factors of (130 - 0) + h + -12.
2, 3, 7
Suppose 0 = -i - 4*t + 47, 3*i - 6*i + 3*t = -96. Let j = 163 - i. Suppose j + 28 = 4*h. List the prime factors of h.
3, 13
Suppose 4*p = -4, 5*h - 5*p = -2*p - 567. Let f = -43 + h. Let n = f - -260. List the prime factors of n.
103
What are the prime factors of 41/(-7) + (-5516)/196 + 28 - -64727?
61, 1061
Let m(z) = z + 5. Let w be m(-7). Let i be 7/9 + w + (-24)/(-108). List the prime factors of (2 + i)*-1*-1 - -29.
2, 3, 5
Suppose -5*p - 104*c + 99*c = -59515, -2*c = -3*p + 35739. What are the prime factors of p?
11909
Let p be (-223223)/(-49) + (-16)/28. Suppose 221*d - p = 216*d. What are the prime factors of d?
911
Suppose 2*x + 14*x - 37248 = 0. Suppose z = -4*c + x, 17*z + 1146 = 2*c + 22*z. List the prime factors of c.
11, 53
Let h(t) = 3*t**2 - 33*t + 35. Let s be h(10). Suppose j + 10*p - s*p = 228, 3*j - 740 = -p. List the prime factors of j.
2, 31
Let f(q) = q**2 + 19*q + 53. Let o be f(-16). Suppose l + m + 2588 = o*l, 5*l - 3235 = 4*m. List the prime factors of l.
647
Let w be ((-5)/((-10)/4))/((-6)/(-12)). Suppose -w*v = -11 - 149. Let r = v + 78. List the prime factors of r.
2, 59
Suppose -228*o + 9616320 = 249*o. What are the prime factors of o?
2, 3, 5, 7
Suppose 96*l + 60*l - 641628 = 0. List the prime factors of l.
3, 457
Let y(l) = -l**2 + 13*l + 26. Let k be y(14). Suppose -7*w = -k*w + 35. List the prime factors of w/((-245)/10) + (-2874)/(-14).
5, 41
Let h = -63 + 69. List the prime factors of 752 - (h + 2*(-3)/6).
3, 83
List the prime factors of (-474)/3*23400/(-144).
5, 13, 79
Let o(k) = -6*k**3 + 6*k**2 - 12*k - 5. Let g be o(4). Let x = g - -488. What are the prime factors of x?
3, 7
Let m be (-2)/4*(5 + -11). Suppose m*s = d + 3*d + 2818, -5*d = -s + 954. What are the prime factors of s?
2, 467
Let x be (-11)/(-4) + (-33)/44. Suppose -w - 66 = n, 6*n - 4*w = x*n - 232. Let b = n + 68. What are the prime factors of b?
2, 3
Suppose 0 = -6*m + 8*m - 44. Suppose 3*f - 2*f = 5*y + m, 2*f = y + 8. Suppose -5*p + 4*i = -275, -f*p - i = -p - 46. What are the prime factors of p?
3, 17
Let r(u) = 16*u**2 + 106*u + 84. What are the prime factors of r(14)?
2, 3, 7
Let h(j) = 7*j**3 - 127*j**2 + 47*j + 262. List the prime factors of h(25).
3, 7, 499
Suppose 4*z + 3*c = 121, -5*z + 5*c + 263 - 68 = 0. Let m = z - 31. Suppose d = -0*d - 3*x + 69, 2*d + m*x = 144. List the prime factors of d.
3, 5
What are the prime factors of ((-87404)/4*1)/((189/14)/(-27))?
2, 21851
Let g(d) be the third derivative of 5*d**2 + 0*d - 1/24*d**4 + 41/6*d**3 + 1/60*d**5 + 0. List the prime factors of g(0).
41
Let c be (113/3)/((-640)/90 - -7). Let u = -145 - c. What are the prime factors of u?
2, 97
Let y be (-3)/(-1) - 7 - 801. Let g = y - -468. Let c = -183 - g. List the prime factors of c.
2, 7, 11
Suppose 21*m - 67489 = -2809. List the prime factors of m.
2, 5, 7, 11
Let q = 105 + -100. Suppose -2*v = 4*u - 508, 7*u + 4*v = q*u + 266. Let n = 236 - u. What are the prime factors of n?
3, 37
Let x(a) = -7*a**3 - 3*a**2 + 6*a + 4. Let k(w) = 6*w**3 + 4*w**2 - 7*w - 3. Let r(l) = 6*k(l) + 5*x(l). Let s = -4 + -5. What are the prime factors of r(s)?
2, 5, 11
Suppose 180*l = -p + 178*l + 9563, -28689 = -3*p - l. List the prime factors of p.
73, 131
Let z = 115 - 107. Let o(h) = -45 + z*h + 33 + 24. List the prime factors of o(12).
2, 3
Let x = -27705 + 44445. What are the prime factors of x?
2, 3, 5, 31
Let m = -74 + 56. What are the prime factors of (0 + 1)/(m/(-5436))?
2, 151
Suppose -84*x - 76 = -88*x. Suppose 6*b + 7280 = x*b. What are the prime factors of b?
2, 5, 7
Suppose -8*w = -y - 4*w + 26, 3*y + 4*w - 46 = 0. Let f be y/4 + 0 + 7/(-14). Suppose -2*t - f*b = -270, -3*t - 3*b + 385 = -b. List the prime factors of t.
5
Suppose -19*j + 645 - 94 = 0. Let n(i) = 59*i - 350. List the prime factors of n(j).
1361
Let z(i) = 1274*i - 1366. What are the prime factors of z(24)?
2, 5, 23, 127
Let k = -10572 + 13653. What are the prime factors of k?
3, 13, 79
Suppose -g - 10 + 22 = 0. Let k be (2 + 8/g)/((-4)/(-6)). Suppose 151 + 1 = k*c. List the prime factors of c.
2, 19
Let m(t) = 497*t**2 - 188*t + 1306. What are the prime factors of m(7)?
11, 2213
Let h = 5402 + 5744. List the prime factors of h.
2, 5573
Suppose 4*p - 3*z + 0*z - 45 = 0, 5*z = -2*p + 3. What are the prime factors of p/3 - (-14 - -9)?
2
Suppose -2*y - 1 = -7. Suppose -4*p - x + 1 = -4*x, y*p + 12 = -2*x. What are the prime factors of (98/(-6))/(p/6)?
7
Suppose 5*z - 762 = 5*l + z, -2*l = 5*z + 285. Suppose 2*j - 60 = -5*m, -2*j - 52 = -3*m - 0*j. Let t = m - l. What are the prime factors of t?
2, 41
Let y(i) = 341*i - 24. Let b be y(-2). Let z = b - -1056. What are the prime factors of z?
2, 5, 7
Suppose 3*n = -248 + 236. Let m(l) = -l**3 - 7*l**2 - 5*l - 1. Let v(t) = -t**2 + t. Let k(g) = -2*m(g) - 4*v(g). List the prime factors of k(n).
2, 3, 23
Let i(w) = 5*w**2 - 183*w - 55. Let l(x) = 7*x + 107. Let s be l(-9). List the prime factors of i(s).
11, 13
Let y(s) = 78*s**2 - 2*s + 2. Let b = -26 + 27. Let j be y(b). Suppose h + g + j = 2*h, -3*h = -4*g - 234. List the prime factors of h.
2, 3, 13
Suppose 13*o - 5246 = 10*o + 4*k, 2*k + 8748 = 5*o. What are the prime factors of o?
2, 5, 7
Suppose 12*m - 9720 = -8*m. Suppose c = -5*p + 4*p + m, -20 = 5*p. What are the prime factors of c?
2, 5, 7
Let q(b) be the first derivative of -b**4/4 - 4*b**3/3 - 3*b**2/2 - 2*b - 1. Let c = -4114 + 4107. What are the prime factors of q(c)?
2, 83
Suppose 2*i = -3*f - 13, -3*f - 6 = 3*i + 6. Let z be (-3)/1 + (0 - f - 10). Let b = 17 - z. What are the prime factors of b?
5
Suppose 8265*u - 8270*u - 10 = 0, -203500 = -5*y - 5*u. What are the prime factors of y?
2, 47, 433
Suppose 7*v = 2*v + z + 1615, -5*v = -3*z - 1605. Let f be (2/(-5))/(39/(-390)). Suppose s + f*s - v = -2*p, -3*s - 444 = -3*p. What are the prime factors of p?
2, 19
Let c be ((-36)/15 + 3)*5. Suppose 0 = y + c*f + f - 427, -2*y + 841 = -5*f. What are the prime factors of y?
3, 47
Let r be 2/(-8) + 1/4. Suppose r = -7*t + t + 2928. List the prime factors of t.
2, 61
Suppose 3*n - 22 = -5*h, -7*h + 2*h + 27 = -2*n. Suppose 3*a = -2*w + 66, 0*w = 2*w - h*a - 34. Suppose 59 = 2*o - w. List the prime factors of o.
43
Suppose -66 = -23*k + 49. Suppose -4*x - 4*g = -796, 4*x - k*g - 623 - 200 = 0. What are the prime factors of x?
2, 101
Let l = 169 + -167. Suppose -l = y - 125. What are the prime factors of y?
3, 41
Let p(l) = -101*l + 9. Let a be (-2)/4*((-10)/1)/(-5). List the prime factors of p(a).
2, 5, 11
Let a = 31 + -27. Suppose -186 = -3*l - a*c - 74, -5*c = 2*l - 84. What are the prime factors of l?
2
Let d(y) = y**3 - 9*y**2 - 9*y + 19. Let x(g) = 6*g - 8. Let l be x(3). What are the prime factors of d(l)?
29
Let s(i) be the third derivative of 0 + 1/6*i**5 + 0*i - 1/120*i**6 + 13/24*i**4 + 12*i**2 + 4/3*i**3. List the prime factors of s(10).
2, 3, 23
Suppose -3*n + 5*r + 75 = 32, -n - 2*r = 4. List the prime factors of (-1096)/6*(3/n - 2).
2, 137
Let k = 510 + -513. What are the prime f